{"id":7,"date":"2025-11-05T11:50:42","date_gmt":"2025-11-05T11:50:42","guid":{"rendered":"https:\/\/psychodynamikabielsko.pl\/?page_id=7"},"modified":"2025-12-06T18:28:55","modified_gmt":"2025-12-06T18:28:55","slug":"tworz-swoja-witryne-za-pomoca-blokow","status":"publish","type":"page","link":"https:\/\/psychodynamikabielsko.pl\/","title":{"rendered":"PSYCHOTERAPIA"},"content":{"rendered":"\n<hr class=\"wp-block-separator alignfull has-text-color has-contrast-color has-alpha-channel-opacity has-contrast-background-color has-background is-style-wide\" style=\"margin-top:0;margin-bottom:0\"\/>\n\n\n<div class=\"aligncenter is-style-rounded is-style-rounded--1 wp-block-site-logo\"><a href=\"https:\/\/psychodynamikabielsko.pl\/\" class=\"custom-logo-link\" rel=\"home\"><img loading=\"lazy\" decoding=\"async\" width=\"549\" height=\"142\" src=\"https:\/\/psychodynamikabielsko.pl\/wp-content\/uploads\/2025\/11\/cropped-Screenshot_20251018_140858_com.google.android.gm_edit_71643149853651-e1762373810155.jpg\" class=\"custom-logo\" alt=\"Anna Ko\u0142ek - Psychoterapii psychodynamiczne - Bielsko\" srcset=\"https:\/\/psychodynamikabielsko.pl\/wp-content\/uploads\/2025\/11\/cropped-Screenshot_20251018_140858_com.google.android.gm_edit_71643149853651-e1762373810155.jpg 1080w, https:\/\/psychodynamikabielsko.pl\/wp-content\/uploads\/2025\/11\/cropped-Screenshot_20251018_140858_com.google.android.gm_edit_71643149853651-e1762373810155-300x78.jpg 300w, https:\/\/psychodynamikabielsko.pl\/wp-content\/uploads\/2025\/11\/cropped-Screenshot_20251018_140858_com.google.android.gm_edit_71643149853651-e1762373810155-1024x265.jpg 1024w, https:\/\/psychodynamikabielsko.pl\/wp-content\/uploads\/2025\/11\/cropped-Screenshot_20251018_140858_com.google.android.gm_edit_71643149853651-e1762373810155-768x199.jpg 768w\" sizes=\"auto, (max-width: 549px) 100vw, 549px\" \/><\/a><\/div>\n\n\n<hr class=\"wp-block-separator alignfull has-alpha-channel-opacity is-style-wide\"\/>\n\n\n\n<div style=\"height:51px\" aria-hidden=\"true\" class=\"wp-block-spacer\"><\/div>\n\n\n\n<div class=\"wp-block-columns alignwide are-vertically-aligned-top is-layout-flex wp-container-core-columns-is-layout-28f84493 wp-block-columns-is-layout-flex\">\n<div class=\"wp-block-column is-vertically-aligned-top is-layout-flow wp-block-column-is-layout-flow\">\n<h3 class=\"wp-block-heading\">Psychoterapia indywidualna<\/h3>\n\n\n\n<p class=\"has-text-align-left\">Psychoterapia to proces leczenia, kt\u00f3ry pomaga pacjentom zrozumie\u0107 i rozpozna\u0107 swoje problemy oraz odkry\u0107 swoje mocne strony. Sesje z psychoterapeut\u0105 zazwyczaj odbywaj\u0105 si\u0119 1-2 razy w tygodniu.<\/p>\n\n\n\n<div style=\"height:35px\" aria-hidden=\"true\" class=\"wp-block-spacer\"><\/div>\n<\/div>\n\n\n\n<div class=\"wp-block-column is-vertically-aligned-top is-layout-flow wp-block-column-is-layout-flow\">\n<h3 class=\"wp-block-heading\">Konsultacje do terapii<\/h3>\n\n\n\n<p>Przed rozpocz\u0119ciem terapii niezb\u0119dna jest konsultacja, kt\u00f3ra stanowi pierwszy krok. Na tym etapie ustala si\u0119 r\u00f3wnie\u017c kontrakt terapeutyczny, obejmuj\u0105cy cz\u0119stotliwo\u015b\u0107 spotka\u0144, zasady wsp\u00f3\u0142pracy oraz warunki finansowe.<\/p>\n<\/div>\n\n\n\n<div class=\"wp-block-column is-vertically-aligned-top is-layout-flow wp-block-column-is-layout-flow\">\n<h3 class=\"wp-block-heading\">Psychoterapia dla par<\/h3>\n\n\n\n<p>Psychoterapia par to proces, kt\u00f3ry umo\u017cliwia partnerom lepsze zrozumienie siebie nawzajem, swoich potrzeb, emocji oraz wzorc\u00f3w komunikacji. <br>W bezpiecznej, neutralnej przestrzeni para ma mo\u017cliwo\u015b\u0107 przyjrzenia si\u0119 trudno\u015bciom w relacji.<\/p>\n<\/div>\n<\/div>\n\n\n\n<h1 class=\"wp-block-heading has-text-align-center has-text-align-wide has-gigantic-font-size\" style=\"line-height:1.1\"><\/h1>\n\n\n\n<div style=\"height:18px\" aria-hidden=\"true\" class=\"wp-block-spacer\"><\/div>\n\n\n\n<div class=\"wp-block-group alignfull has-accent-5-background-color has-background has-global-padding is-layout-constrained wp-container-core-group-is-layout-e4ce447a wp-block-group-is-layout-constrained\" style=\"margin-top:0;margin-bottom:0;padding-top:var(--wp--preset--spacing--10);padding-right:var(--wp--preset--spacing--40);padding-bottom:var(--wp--preset--spacing--10);padding-left:var(--wp--preset--spacing--40)\">\n<p class=\"has-text-align-center has-custom-nag-wek-color has-text-color has-link-color has-x-large-font-size wp-elements-85b2473b030a838b7839997ea151578a\">O mnie<\/p>\n<\/div>\n\n\n\n<figure class=\"wp-block-image size-large is-resized is-style-rounded is-style-rounded--2\"><img loading=\"lazy\" decoding=\"async\" width=\"1024\" height=\"683\" src=\"https:\/\/psychodynamikabielsko.pl\/wp-content\/uploads\/2025\/11\/Anna-2-1-1024x683.jpg\" alt=\"\" class=\"wp-image-67\" style=\"width:606px;height:auto\" srcset=\"https:\/\/psychodynamikabielsko.pl\/wp-content\/uploads\/2025\/11\/Anna-2-1-1024x683.jpg 1024w, https:\/\/psychodynamikabielsko.pl\/wp-content\/uploads\/2025\/11\/Anna-2-1-300x200.jpg 300w, https:\/\/psychodynamikabielsko.pl\/wp-content\/uploads\/2025\/11\/Anna-2-1-768x512.jpg 768w, https:\/\/psychodynamikabielsko.pl\/wp-content\/uploads\/2025\/11\/Anna-2-1-1536x1024.jpg 1536w, https:\/\/psychodynamikabielsko.pl\/wp-content\/uploads\/2025\/11\/Anna-2-1-2048x1365.jpg 2048w\" sizes=\"auto, (max-width: 1024px) 100vw, 1024px\" \/><\/figure>\n\n\n\n<p class=\"has-text-align-center\">Jestem magistrem psychologii ze specjalno\u015bci\u0105 kliniczno-s\u0105dow\u0105 oraz psychoterapeut\u0105 po uko\u0144czeniu ca\u0142o\u015bciowego szkolenia w Krakowskim Centrum Psychodynamicznym. Pracuj\u0119 pod sta\u0142\u0105 superwizj\u0105 certyfikowanych psychoterapeut\u00f3w i jestem cz\u0142onkiem Polskiego Towarzystwa Psychoterapii Psychodynamicznej. Do\u015bwiadczenie zawodowe zdobywa\u0142am m.in. podczas sta\u017cu w Dziennym Oddziale Psychiatrycznym w Szpitalu \u015bw. \u0141ukasza <br>w Bielsku-Bia\u0142ej, w Podbeskidzkim O\u015brodku Interwencji Kryzysowej, <br>a tak\u017ce w pracy z dzie\u0107mi i m\u0142odzie\u017c\u0105 w plac\u00f3wkach o\u015bwiatowych. <br>Na bie\u017c\u0105co dbam o rozw\u00f3j zawodowy, regularnie uczestnicz\u0119 w szkoleniach dotycz\u0105cych zdrowia psychicznego.<\/p>\n\n\n\n<p class=\"has-custom-color-1-color has-text-color has-link-color wp-elements-035424f426a009dcbb13e3c0b6b1e3f5\">Anna Ko\u0142ek &#8211; Psychoterapia Bielsko<\/p>\n\n\n\n<div class=\"wp-block-buttons alignwide is-content-justification-center is-layout-flex wp-container-core-buttons-is-layout-a89b3969 wp-block-buttons-is-layout-flex\">\n<div class=\"wp-block-button has-custom-width wp-block-button__width-50\"><a class=\"wp-block-button__link has-custom-kolor-t-a-background-color has-background wp-element-button\" href=\"https:\/\/psychodynamikabielsko.pl\/index.php\/kontakt\/\">Um\u00f3w wizyt\u0119<\/a><\/div>\n<\/div>\n\n\n\n<div style=\"height:29px\" aria-hidden=\"true\" class=\"wp-block-spacer\"><\/div>\n\n\n\n<h2 class=\"wp-block-heading has-text-align-center\"><\/h2>\n\n\n\n<div class=\"wp-block-group alignfull has-accent-5-background-color has-background has-global-padding is-layout-constrained wp-container-core-group-is-layout-e4ce447a wp-block-group-is-layout-constrained\" style=\"margin-top:0;margin-bottom:0;padding-top:var(--wp--preset--spacing--10);padding-right:var(--wp--preset--spacing--40);padding-bottom:var(--wp--preset--spacing--10);padding-left:var(--wp--preset--spacing--40)\">\n<p class=\"has-text-align-center has-custom-nag-wek-color has-text-color has-link-color has-x-large-font-size wp-elements-07ab41ceedfeba66343bfea055b49ea0\">Dla kogo?<\/p>\n<\/div>\n\n\n\n<p class=\"has-text-align-center has-medium-font-size\"><strong>Z psychoterapii prowadzonej w&nbsp;nurcie&nbsp;psychodynamicznym&nbsp;mog\u0105 skorzysta\u0107 praktycznie wszyscy,<\/strong> kt\u00f3rzy potrzebuj\u0105 leczenia metodami psychologicznymi.<\/p>\n\n\n\n<p class=\"has-text-align-center\">Jest ona adekwatn\u0105 metod\u0105 leczenia os\u00f3b, kt\u00f3re cierpi\u0105 z&nbsp;powodu:<\/p>\n\n\n\n<div style=\"height:37px\" aria-hidden=\"true\" class=\"wp-block-spacer\"><\/div>\n\n\n\n<div class=\"wp-block-columns is-layout-flex wp-container-core-columns-is-layout-28f84493 wp-block-columns-is-layout-flex\">\n<div class=\"wp-block-column is-layout-flow wp-block-column-is-layout-flow\">\n<p class=\"has-text-align-center has-custom-nag-wek-color has-text-color has-link-color wp-elements-2ac478a8f923ed87816a9d7e1100489c\">\u2022&nbsp;zaburze\u0144 l\u0119kowych (np. napady paniki, stany l\u0119kowe, fobie)<\/p>\n\n\n\n<p class=\"has-text-align-center has-custom-nag-wek-color has-text-color has-link-color wp-elements-b781185237de81511732a23a8a572e75\">\u2022&nbsp;dolegliwo\u015bci psychosomatycznych (np. b\u00f3le w klatce piersiowej, migreny, b\u00f3le \u017co\u0142\u0105dka, problemy dermatologiczne)<\/p>\n\n\n\n<p class=\"has-text-align-center has-custom-nag-wek-color has-text-color has-link-color wp-elements-3f8c1df97e4774532ba47c5f10dcbb96\">\u2022&nbsp;innych zaburze\u0144 lub objaw\u00f3w o&nbsp;pod\u0142o\u017cu nerwicowym (natr\u0119tne my\u015bli, kompulsje, objawy hipochondryczne)<\/p>\n\n\n\n<p class=\"has-text-align-center has-custom-nag-wek-color has-text-color has-link-color wp-elements-8d31508623d9137f5e1d09d8774178dc\">\u2022&nbsp;problem\u00f3w seksualnych (np. przedwczesny wytrysk, anorgazmia)<\/p>\n<\/div>\n\n\n\n<div class=\"wp-block-column is-layout-flow wp-block-column-is-layout-flow\">\n<p class=\"has-text-align-center has-custom-nag-wek-color has-text-color has-link-color wp-elements-c2cbe6cf1cbedf7d3d010ae8aa5f3408\">\u2022&nbsp;zaburze\u0144 depresyjnych i&nbsp;innych zaburze\u0144 nastroju<\/p>\n\n\n\n<p class=\"has-text-align-center has-custom-nag-wek-color has-text-color has-link-color wp-elements-b8e47ec2571dbda8fd86895a4d1fda7a\">\u2022&nbsp;zaburze\u0144 osobowo\u015bci (np. narcystyczne,&nbsp;borderline)<\/p>\n\n\n\n<p class=\"has-text-align-center has-custom-nag-wek-color has-text-color has-link-color wp-elements-bdbaf3a6b874860068a189790fb0a71b\">\u2022&nbsp;problem\u00f3w ze snem (np. bezsenno\u015b\u0107, koszmary nocne)<\/p>\n\n\n\n<p class=\"has-text-align-center has-custom-nag-wek-color has-text-color has-link-color wp-elements-f70c6338c84f399b0ae41d7027903cf5\">\u2022&nbsp;zaburze\u0144 jedzenia (anoreksja, bulimia)<\/p>\n<\/div>\n<\/div>\n\n\n\n<div style=\"height:37px\" aria-hidden=\"true\" class=\"wp-block-spacer\"><\/div>\n\n\n\n<div class=\"wp-block-columns is-layout-flex wp-container-core-columns-is-layout-28f84493 wp-block-columns-is-layout-flex\">\n<div class=\"wp-block-column is-layout-flow wp-block-column-is-layout-flow\"><\/div>\n<\/div>\n","protected":false},"excerpt":{"rendered":"<p>Psychoterapia indywidualna Psychoterapia to proces leczenia, kt\u00f3ry pomaga pacjentom zrozumie\u0107 i rozpozna\u0107 swoje problemy oraz odkry\u0107 swoje mocne strony. Sesje z psychoterapeut\u0105 zazwyczaj odbywaj\u0105 si\u0119 1-2 razy w tygodniu. Konsultacje do terapii Przed rozpocz\u0119ciem terapii niezb\u0119dna jest konsultacja, kt\u00f3ra stanowi pierwszy krok. Na tym etapie ustala si\u0119 r\u00f3wnie\u017c kontrakt terapeutyczny, obejmuj\u0105cy cz\u0119stotliwo\u015b\u0107 spotka\u0144, zasady wsp\u00f3\u0142pracy [&hellip;]<\/p>\n","protected":false},"author":1,"featured_media":67,"parent":0,"menu_order":1,"comment_status":"closed","ping_status":"closed","template":"","meta":{"footnotes":""},"class_list":["post-7","page","type-page","status-publish","has-post-thumbnail","hentry"],"yoast_head":"<!-- This site is optimized with the Yoast SEO plugin v26.3 - https:\/\/yoast.com\/wordpress\/plugins\/seo\/ -->\n<title>PSYCHOTERAPIA - Psychoterapia - Anna Ko\u0142ek<\/title>\n<meta name=\"description\" content=\"Jestem magistrem psychologii ze specjalno\u015bci\u0105 kliniczno-s\u0105dow\u0105 oraz psychoterapeut\u0105 po uko\u0144czeniu ca\u0142o\u015bciowego szkolenia...\" \/>\n<meta name=\"robots\" content=\"index, follow, max-snippet:-1, max-image-preview:large, max-video-preview:-1\" \/>\n<link rel=\"canonical\" href=\"https:\/\/psychodynamikabielsko.pl\/\" \/>\n<meta property=\"og:locale\" content=\"pl_PL\" \/>\n<meta property=\"og:type\" content=\"article\" \/>\n<meta property=\"og:title\" content=\"PSYCHOTERAPIA - Psychoterapia - Anna Ko\u0142ek\" \/>\n<meta property=\"og:description\" content=\"Jestem magistrem psychologii ze specjalno\u015bci\u0105 kliniczno-s\u0105dow\u0105 oraz psychoterapeut\u0105 po uko\u0144czeniu ca\u0142o\u015bciowego szkolenia...\" \/>\n<meta property=\"og:url\" content=\"https:\/\/psychodynamikabielsko.pl\/\" \/>\n<meta property=\"og:site_name\" content=\"Psychoterapia - Anna Ko\u0142ek\" \/>\n<meta property=\"article:modified_time\" content=\"2025-12-06T18:28:55+00:00\" \/>\n<meta property=\"og:image\" content=\"https:\/\/psychodynamikabielsko.pl\/wp-content\/uploads\/2025\/11\/Anna-2-1-scaled.jpg\" \/>\n\t<meta property=\"og:image:width\" content=\"2560\" \/>\n\t<meta property=\"og:image:height\" content=\"1707\" \/>\n\t<meta property=\"og:image:type\" content=\"image\/jpeg\" \/>\n<meta name=\"twitter:card\" content=\"summary_large_image\" \/>\n<meta name=\"twitter:label1\" content=\"Szacowany czas czytania\" \/>\n\t<meta name=\"twitter:data1\" content=\"3 minuty\" \/>\n<script type=\"application\/ld+json\" class=\"yoast-schema-graph\">{\"@context\":\"https:\/\/schema.org\",\"@graph\":[{\"@type\":\"WebPage\",\"@id\":\"https:\/\/psychodynamikabielsko.pl\/\",\"url\":\"https:\/\/psychodynamikabielsko.pl\/\",\"name\":\"PSYCHOTERAPIA - Psychoterapia - Anna Ko\u0142ek\",\"isPartOf\":{\"@id\":\"https:\/\/psychodynamikabielsko.pl\/#website\"},\"primaryImageOfPage\":{\"@id\":\"https:\/\/psychodynamikabielsko.pl\/#primaryimage\"},\"image\":{\"@id\":\"https:\/\/psychodynamikabielsko.pl\/#primaryimage\"},\"thumbnailUrl\":\"https:\/\/psychodynamikabielsko.pl\/wp-content\/uploads\/2025\/11\/Anna-2-1-scaled.jpg\",\"datePublished\":\"2025-11-05T11:50:42+00:00\",\"dateModified\":\"2025-12-06T18:28:55+00:00\",\"description\":\"Jestem magistrem psychologii ze specjalno\u015bci\u0105 kliniczno-s\u0105dow\u0105 oraz psychoterapeut\u0105 po uko\u0144czeniu ca\u0142o\u015bciowego szkolenia...\",\"breadcrumb\":{\"@id\":\"https:\/\/psychodynamikabielsko.pl\/#breadcrumb\"},\"inLanguage\":\"pl-PL\",\"potentialAction\":[{\"@type\":\"ReadAction\",\"target\":[\"https:\/\/psychodynamikabielsko.pl\/\"]}]},{\"@type\":\"ImageObject\",\"inLanguage\":\"pl-PL\",\"@id\":\"https:\/\/psychodynamikabielsko.pl\/#primaryimage\",\"url\":\"https:\/\/psychodynamikabielsko.pl\/wp-content\/uploads\/2025\/11\/Anna-2-1-scaled.jpg\",\"contentUrl\":\"https:\/\/psychodynamikabielsko.pl\/wp-content\/uploads\/2025\/11\/Anna-2-1-scaled.jpg\",\"width\":2560,\"height\":1707,\"caption\":\"Anna Ko\u0142ek - Psychoterapii psychodynamiczne - Bielsko\"},{\"@type\":\"BreadcrumbList\",\"@id\":\"https:\/\/psychodynamikabielsko.pl\/#breadcrumb\",\"itemListElement\":[{\"@type\":\"ListItem\",\"position\":1,\"name\":\"Strona g\u0142\u00f3wna\",\"item\":\"https:\/\/psychodynamikabielsko.pl\/\"},{\"@type\":\"ListItem\",\"position\":2,\"name\":\"PSYCHOTERAPIA\"}]},{\"@type\":\"WebSite\",\"@id\":\"https:\/\/psychodynamikabielsko.pl\/#website\",\"url\":\"https:\/\/psychodynamikabielsko.pl\/\",\"name\":\"Psychoterapia - Anna Ko\u0142ek\",\"description\":\"Psychoterapia - Anna Ko\u0142ek\",\"publisher\":{\"@id\":\"https:\/\/psychodynamikabielsko.pl\/#organization\"},\"potentialAction\":[{\"@type\":\"SearchAction\",\"target\":{\"@type\":\"EntryPoint\",\"urlTemplate\":\"https:\/\/psychodynamikabielsko.pl\/?s={search_term_string}\"},\"query-input\":{\"@type\":\"PropertyValueSpecification\",\"valueRequired\":true,\"valueName\":\"search_term_string\"}}],\"inLanguage\":\"pl-PL\"},{\"@type\":\"Organization\",\"@id\":\"https:\/\/psychodynamikabielsko.pl\/#organization\",\"name\":\"Psychoterapia - Anna Ko\u0142ek\",\"url\":\"https:\/\/psychodynamikabielsko.pl\/\",\"logo\":{\"@type\":\"ImageObject\",\"inLanguage\":\"pl-PL\",\"@id\":\"https:\/\/psychodynamikabielsko.pl\/#\/schema\/logo\/image\/\",\"url\":\"https:\/\/psychodynamikabielsko.pl\/wp-content\/uploads\/2025\/11\/cropped-Screenshot_20251018_140858_com.google.android.gm_edit_71643149853651-e1762373810155.jpg\",\"contentUrl\":\"https:\/\/psychodynamikabielsko.pl\/wp-content\/uploads\/2025\/11\/cropped-Screenshot_20251018_140858_com.google.android.gm_edit_71643149853651-e1762373810155.jpg\",\"width\":1080,\"height\":280,\"caption\":\"Psychoterapia - Anna Ko\u0142ek\"},\"image\":{\"@id\":\"https:\/\/psychodynamikabielsko.pl\/#\/schema\/logo\/image\/\"}}]}<\/script>\n<!-- \/ Yoast SEO plugin. -->","yoast_head_json":{"title":"PSYCHOTERAPIA - Psychoterapia - Anna Ko\u0142ek","description":"Jestem magistrem psychologii ze specjalno\u015bci\u0105 kliniczno-s\u0105dow\u0105 oraz psychoterapeut\u0105 po uko\u0144czeniu ca\u0142o\u015bciowego szkolenia...","robots":{"index":"index","follow":"follow","max-snippet":"max-snippet:-1","max-image-preview":"max-image-preview:large","max-video-preview":"max-video-preview:-1"},"canonical":"https:\/\/psychodynamikabielsko.pl\/","og_locale":"pl_PL","og_type":"article","og_title":"PSYCHOTERAPIA - Psychoterapia - Anna Ko\u0142ek","og_description":"Jestem magistrem psychologii ze specjalno\u015bci\u0105 kliniczno-s\u0105dow\u0105 oraz psychoterapeut\u0105 po uko\u0144czeniu ca\u0142o\u015bciowego szkolenia...","og_url":"https:\/\/psychodynamikabielsko.pl\/","og_site_name":"Psychoterapia - Anna Ko\u0142ek","article_modified_time":"2025-12-06T18:28:55+00:00","og_image":[{"width":2560,"height":1707,"url":"https:\/\/psychodynamikabielsko.pl\/wp-content\/uploads\/2025\/11\/Anna-2-1-scaled.jpg","type":"image\/jpeg"}],"twitter_card":"summary_large_image","twitter_misc":{"Szacowany czas czytania":"3 minuty"},"schema":{"@context":"https:\/\/schema.org","@graph":[{"@type":"WebPage","@id":"https:\/\/psychodynamikabielsko.pl\/","url":"https:\/\/psychodynamikabielsko.pl\/","name":"PSYCHOTERAPIA - Psychoterapia - Anna Ko\u0142ek","isPartOf":{"@id":"https:\/\/psychodynamikabielsko.pl\/#website"},"primaryImageOfPage":{"@id":"https:\/\/psychodynamikabielsko.pl\/#primaryimage"},"image":{"@id":"https:\/\/psychodynamikabielsko.pl\/#primaryimage"},"thumbnailUrl":"https:\/\/psychodynamikabielsko.pl\/wp-content\/uploads\/2025\/11\/Anna-2-1-scaled.jpg","datePublished":"2025-11-05T11:50:42+00:00","dateModified":"2025-12-06T18:28:55+00:00","description":"Jestem magistrem psychologii ze specjalno\u015bci\u0105 kliniczno-s\u0105dow\u0105 oraz psychoterapeut\u0105 po uko\u0144czeniu ca\u0142o\u015bciowego szkolenia...","breadcrumb":{"@id":"https:\/\/psychodynamikabielsko.pl\/#breadcrumb"},"inLanguage":"pl-PL","potentialAction":[{"@type":"ReadAction","target":["https:\/\/psychodynamikabielsko.pl\/"]}]},{"@type":"ImageObject","inLanguage":"pl-PL","@id":"https:\/\/psychodynamikabielsko.pl\/#primaryimage","url":"https:\/\/psychodynamikabielsko.pl\/wp-content\/uploads\/2025\/11\/Anna-2-1-scaled.jpg","contentUrl":"https:\/\/psychodynamikabielsko.pl\/wp-content\/uploads\/2025\/11\/Anna-2-1-scaled.jpg","width":2560,"height":1707,"caption":"Anna Ko\u0142ek - Psychoterapii psychodynamiczne - Bielsko"},{"@type":"BreadcrumbList","@id":"https:\/\/psychodynamikabielsko.pl\/#breadcrumb","itemListElement":[{"@type":"ListItem","position":1,"name":"Strona g\u0142\u00f3wna","item":"https:\/\/psychodynamikabielsko.pl\/"},{"@type":"ListItem","position":2,"name":"PSYCHOTERAPIA"}]},{"@type":"WebSite","@id":"https:\/\/psychodynamikabielsko.pl\/#website","url":"https:\/\/psychodynamikabielsko.pl\/","name":"Psychoterapia - Anna Ko\u0142ek","description":"Psychoterapia - Anna Ko\u0142ek","publisher":{"@id":"https:\/\/psychodynamikabielsko.pl\/#organization"},"potentialAction":[{"@type":"SearchAction","target":{"@type":"EntryPoint","urlTemplate":"https:\/\/psychodynamikabielsko.pl\/?s={search_term_string}"},"query-input":{"@type":"PropertyValueSpecification","valueRequired":true,"valueName":"search_term_string"}}],"inLanguage":"pl-PL"},{"@type":"Organization","@id":"https:\/\/psychodynamikabielsko.pl\/#organization","name":"Psychoterapia - Anna Ko\u0142ek","url":"https:\/\/psychodynamikabielsko.pl\/","logo":{"@type":"ImageObject","inLanguage":"pl-PL","@id":"https:\/\/psychodynamikabielsko.pl\/#\/schema\/logo\/image\/","url":"https:\/\/psychodynamikabielsko.pl\/wp-content\/uploads\/2025\/11\/cropped-Screenshot_20251018_140858_com.google.android.gm_edit_71643149853651-e1762373810155.jpg","contentUrl":"https:\/\/psychodynamikabielsko.pl\/wp-content\/uploads\/2025\/11\/cropped-Screenshot_20251018_140858_com.google.android.gm_edit_71643149853651-e1762373810155.jpg","width":1080,"height":280,"caption":"Psychoterapia - Anna Ko\u0142ek"},"image":{"@id":"https:\/\/psychodynamikabielsko.pl\/#\/schema\/logo\/image\/"}}]}},"_links":{"self":[{"href":"https:\/\/psychodynamikabielsko.pl\/index.php\/wp-json\/wp\/v2\/pages\/7","targetHints":{"allow":["GET"]}}],"collection":[{"href":"https:\/\/psychodynamikabielsko.pl\/index.php\/wp-json\/wp\/v2\/pages"}],"about":[{"href":"https:\/\/psychodynamikabielsko.pl\/index.php\/wp-json\/wp\/v2\/types\/page"}],"author":[{"embeddable":true,"href":"https:\/\/psychodynamikabielsko.pl\/index.php\/wp-json\/wp\/v2\/users\/1"}],"replies":[{"embeddable":true,"href":"https:\/\/psychodynamikabielsko.pl\/index.php\/wp-json\/wp\/v2\/comments?post=7"}],"version-history":[{"count":40,"href":"https:\/\/psychodynamikabielsko.pl\/index.php\/wp-json\/wp\/v2\/pages\/7\/revisions"}],"predecessor-version":[{"id":174,"href":"https:\/\/psychodynamikabielsko.pl\/index.php\/wp-json\/wp\/v2\/pages\/7\/revisions\/174"}],"wp:featuredmedia":[{"embeddable":true,"href":"https:\/\/psychodynamikabielsko.pl\/index.php\/wp-json\/wp\/v2\/media\/67"}],"wp:attachment":[{"href":"https:\/\/psychodynamikabielsko.pl\/index.php\/wp-json\/wp\/v2\/media?parent=7"}],"curies":[{"name":"wp","href":"https:\/\/api.w.org\/{rel}","templated":true}]}}